t y(f) = 3. Let n(u) = u**2 + 6*u - 18. Let o(c) = -n(c) - 3*y(c). Give o(-7).
2
Let v(n) be the first derivative of -n**3/3 + 4*n**2 + 2*n - 106. Give v(6).
14
Suppose 0 = -3*d + 2*i, -6*i = -2*i - 12. Let m(s) be the third derivative of s**4/12 + s**3/3 - 19*s**2 - 2. Calculate m(d).
6
Let t(n) = n**2 + 6*n - 5. Let a be t(-5). Let p be ((8 - 14) + 19)/(-1). Let y = a - p. Let z(v) = -5*v + 3. Calculate z(y).
-12
Let k(z) = -5*z + 1. Suppose -12 = 13*m - 9*m. Suppose 0 = -3*s - 0*s + 9. Let d be s + 3 + m - 1. Give k(d).
-9
Let o(q) = -7*q - 6*q**2 + 7*q**3 + 6*q + 19*q**2 + 2*q**3. Let a(i) = 5*i**3 + 7*i**2 - i. Let k(b) = 7*a(b) - 4*o(b). Calculate k(-3).
9
Let h(x) = -18*x - 55. Let q be h(4). Let r = 134 + q. Let t(g) = -g**3 + 8*g**2 - 7*g - 10. What is t(r)?
-10
Suppose -2*r - 30 + 2 = -3*m, 16 = 3*m + 4*r. Let b(n) = n**3 - 9*n**2 + 5*n + 9. Calculate b(m).
-15
Let y(v) be the second derivative of v**4/12 + v**3/3 + v**2/2 - v. Let p(u) = -u**3 + 33*u - 19. Let j be p(-6). Determine y(j).
0
Let t(v) = 2*v**2 - 3*v - 2 - 4*v - 4. Let y(p) = p**2 - 7*p - 6. Let h(d) = 2*t(d) - 3*y(d). Calculate h(-5).
-4
Let b = -544 + 548. Let c(x) = -x**2 + 3*x - 4. Calculate c(b).
-8
Let s(y) = y**2. Let w = 790 + -787. Give s(w).
9
Let m(w) = w**2 + 5*w. Let g(f) = 5*f**2 + 26*f - 1. Let s(a) = 2*g(a) - 11*m(a). Let n be s(-1). Let r(l) = l - 9. What is r(n)?
-9
Suppose 11 + 4 = 3*c. Suppose 3 + 12 = 3*a. Let o(m) = m + 0*m + 2*m + 4*m**2 - a*m**2. Calculate o(c).
-10
Let g(t) = t**2 - 7*t - 5. Let u be (((-10)/(-4))/5)/(2/(-4)). Let p be (-16 - -21) + 0 + (1 - u). What is g(p)?
-5
Let y(w) = w**3 + 4*w**2 + 2*w - 2. Let g = 10 - 18. Let p = 2 + g. Let r(a) = -a**3 - 5*a**2 + 7*a + 2. Let h be r(p). Calculate y(h).
-10
Let w(n) = -2*n**2 + n. Let v be 231/(-44) + 1/4. Give w(v).
-55
Let a(f) = -f**3 + 4*f**2 - 4*f - 4. Let d(v) = -v**3 + 3*v**2 - 3*v - 3. Let y(i) = -6*a(i) + 7*d(i). Calculate y(-3).
-6
Let s be (0 + (-2 - -2))/(-1). Let a(b) = 2 + s*b + 3*b + 2*b + 0. What is a(-2)?
-8
Let k = -11 + 17. Let l be -42*k/(-9)*-1. Let a = -22 - l. Let q(n) = -n**3 + 6*n**2 + n - 3. What is q(a)?
3
Let v(k) = -k**2 - 9 - 4*k + 7*k + 2*k + 4*k. Let i(c) = -17*c + 41. Let d be i(2). Determine v(d).
5
Let d(q) = q**2 + 4*q + 3. Let n be ((-84)/(-35))/((-6)/(-20)) - 2. Suppose -f = -4*f + 6. Suppose 16 = f*c - n*c. Determine d(c).
3
Let u(k) be the third derivative of k**4/6 + 14*k**3/3 - 104*k**2 - 2. Determine u(-9).
-8
Let y(c) = -c**2 - 8*c - 7. Suppose -5*t = -3*l - 26, l - 6*l - 58 = -t. Let k be (-2)/(-2 + (-27)/l). What is y(k)?
-7
Let h(z) = z**3 - 3*z - 1. Let d be 14/7 - (1 - 2). Suppose -d*g + a + 13 = 0, 3 = 3*a + 6. Suppose -2*v = -4*v - g. Calculate h(v).
-3
Suppose 2*i - 3 = -y + 8, 0 = -4*y + 3*i. Let n(z) = -6*z**3 + 18*z**3 - 11*z**3 - 3*z - 2. Give n(y).
16
Let l(a) = -3*a**2 - 5*a + 9. Let w(u) = -u**2 + 1. Let c(q) = -l(q) + 5*w(q). Calculate c(4).
-16
Let w(q) = 5*q**2 + 4*q - 10. Let j be 2/(-2)*(7 - 1). Let a(b) = -14*b**2 - 11*b + 29. Let f(h) = j*a(h) - 17*w(h). What is f(-3)?
-7
Let j(l) = -l**3 - 2*l**2 - 8*l - 11. Let f(w) = 8*w**3 + 13*w**2 + 54*w + 78. Let a(o) = -2*f(o) - 15*j(o). Give a(6).
9
Let c = -4 - -1. Let v(s) = -2*s + 3 + 1248*s**3 - 2487*s**3 + 1240*s**3. What is v(c)?
-18
Let c be (174/(-3))/2*-1. Let n(w) = c*w**2 - 30*w**2 - 2 - 6*w - 2. Give n(-4).
4
Suppose 3*x + 3 = -3*k - 0, -3*k + x = -9. Let o be -11 - -6 - -5*k. Let c(s) = s - 2. Determine c(o).
3
Let r(h) = 4*h - 18. Let q be r(5). Let m(z) = z - z**3 - 1 - 4*z**2 - 3*z - 5*z - q*z**2. Give m(-5).
9
Let l(n) = n**2 + 14*n - 14. Suppose 0 = 11*b - 18*b - 84. Calculate l(b).
-38
Let q(f) be the second derivative of -f**3/3 - 3*f**2 + 88*f. Suppose -5*y - 2*b - 26 = 0, -4*y + b - 25 - 1 = 0. Give q(y).
6
Let j(k) = -2*k + 14. Let s be 2/5 - (-297)/45. What is j(s)?
0
Let r = 2671 + -2669. Let b(i) be the first derivative of 5/2*i**r + 7 + 1/3*i**3 - 2*i. Determine b(-6).
4
Let r(l) = -28 + l - 35 + 63. Let q(d) = d**3 - 3*d**2 - 4*d. Let p be q(4). Calculate r(p).
0
Let w(i) be the first derivative of -3*i**2/2 + 8*i + 51. Calculate w(4).
-4
Let m(q) be the second derivative of q**3/3 + 2*q**2 + 66*q. Calculate m(-11).
-18
Let d(b) = -b. Let r(f) = 5*f - 2. Let l(z) = 2*d(z) + r(z). Suppose 0 = -2*n - 27*n + 58. Give l(n).
4
Suppose 2*d - 17 = 3*p, 3*d + 9*p - 12*p = 18. Let u(h) = 2*h - 4. Determine u(d).
-2
Let o(u) = u**3 - u**2 - 2*u - 10. Let g = 1202 + -1202. Determine o(g).
-10
Suppose -2*z = z. Let y(o) = -703*o - 3 + 355*o + 349*o + 10. Give y(z).
7
Let s = 97/314 + 30/157. Let u(y) be the second derivative of s*y**2 - 11*y + 0 - 1/6*y**3. Calculate u(2).
-1
Let x(d) be the second derivative of -d**4/12 + 7*d**3/6 - 3*d**2 + d. Suppose -21*i = -22*i. Suppose i = -0*z - 4*z + 16. Calculate x(z).
6
Let f be 1/3*(6 - -3). Let o(t) = t**2 - 3*t - 22. Let h be o(7). Let i(k) = 2 - 4 - 2*k + k + h. Give i(f).
1
Let r(t) = 13*t + 21. Let b(m) be the first derivative of -10*m**2 - 32*m - 22. Let s(o) = -5*b(o) - 8*r(o). Calculate s(-6).
16
Let c(g) = -2*g**3 + 34*g**2 + 31*g - 43. Let p(s) = 5*s**3 - 70*s**2 - 64*s + 86. Let l(o) = -7*c(o) - 3*p(o). What is l(-27)?
-11
Let s(u) = -7*u**2 + u. Let w(h) = -9*h - 9. Let d(o) = 26*o + 27. Let i(y) = 4*d(y) + 11*w(y). Let z be i(-2). Determine s(z).
-8
Let l be (-12)/(-3) - (-7 + 25). Let t(v) = -v**3 - 13*v**2 + 15*v + 11. Calculate t(l).
-3
Let f be (-24)/(-9)*(-15)/(-10). Suppose b = -f + 1. Let q(d) = d + 5. Let x(k) = 4*k + 26. Let v(t) = -16*q(t) + 3*x(t). Give v(b).
10
Let l(s) be the third derivative of s**5/40 + s**3/2 + s**2 - s. Let b(o) be the first derivative of l(o). Suppose -2*g = -6 + 2. Determine b(g).
6
Let n be -6*6/(-162) + (-10)/72. Let c(u) be the second derivative of 0 + 4*u + 1/3*u**3 + n*u**4 + 1/2*u**2. Give c(-1).
0
Let w(v) = -68 + 6*v + v**3 + 256 - 9*v**2 - 70 - 63 - 66. Calculate w(8).
-27
Let d(o) = 4*o**3 - o + 1. Let n(q) = q**3 - 13*q**2 - 15*q + 3. Let v = 6 - -8. Let x be n(v). Let y = x - -12. Calculate d(y).
4
Let x(h) = -h**2 - 11*h + 13. Let j(y) = y**3 - 3*y**2 - 5*y - 12. Let z be j(0). What is x(z)?
1
Let s(o) = o**3 - 5*o**2 + 2*o + 5. Suppose 95 = 20*j - j. Calculate s(j).
15
Suppose -5*j + 4*v + 84 = 0, 2*j + 2*v - 30 = -0*j. Suppose -2*d + j = -0. Suppose -5*c = -c - d. Let p(w) = w**2 - 2. Determine p(c).
2
Let c(b) = -b**3 - b**2 - b - 1. Let j(o) = -5*o**3 - 2*o**2 - 8*o - 2. Let s(i) = -4*c(i) + j(i). Calculate s(3).
-19
Suppose -4*g + 5*p + 89 = 0, 4*g - 69 = 2*p - p. Let l = 18 - g. Let d(z) = 1 - l + 0*z - 2 - z. Determine d(-5).
2
Suppose -8 = -r - 2. Suppose u + 0*u = -r. Let z = u - -9. Let m(b) = b**2 - b + 1. What is m(z)?
7
Let i be (7 + 2 - 11) + 0 + -9. Let m(t) = t**2 + 10*t - 7. Determine m(i).
4
Let w(i) = 4*i - 2 + 0 - 3*i. Let d be (-2)/3 + (-114)/(-9). Suppose 0 = -c + 4*p + d, 0*p + 20 = -3*c - 2*p. Determine w(c).
-6
Let d(u) be the third derivative of 0*u + 13*u**2 - 1/6*u**4 + 0 + 0*u**3 - 1/20*u**5 + 1/120*u**6. Determine d(3).
-12
Let z(l) = l**3 - 7*l**2 - 18*l - 5. Let r(u) = u**2 + u + 7. Let y be r(-2). Calculate z(y).
-5
Let s(y) be the second derivative of y**4/12 + 5*y**3/6 - 3*y**2 - 3*y. Suppose -x - 4*x - 20 = k, 5*k - 50 = 5*x. What is s(x)?
-6
Let a(m) be the second derivative of m**4/12 - 4*m**3/3 + 11*m**2 + 179*m + 1. Calculate a(5).
7
Let v(q) be the second derivative of -q**4/12 - 5*q**3/6 - 2*q**2 - 2*q - 29. What is v(-6)?
-10
Let o(f) be the third derivative of -1/60*f**5 - 1/120*f**6 + 5/3*f**3 + 1/24*f**4 + 0*f + 0 - 6*f**2. Determine o(0).
10
Let y = 19 + -21. Let f = -5 + y. Let z(k) = -k + 1. What is z(f)?
8
Suppose 400*i - 403*i = -3. Let s(x) = 10*x - 7. Let u(g) = 5*g - 3. Let r(v) = 4*s(v) - 9*u(v). Calculate r(i).
-6
Let r(k) be the second derivative of -3*k**3/2 - k**2/2 + k. Suppose 4*t = 6*t - 6. Suppose 0 = -2*f + q - 3*q, 5*q = -t*f + 2. Determine r(f).
8
Let h(d) = 4*d**2 + d - 5. Let q(u) = -11*u**2 - 2*u + 16. Let f(n) = -7*h(n) - 2*q(n). Determine f(2).
-27
Let a(g) = 2*g - 9. Let m(u) = -u + 4. Let f(j) = 6*a(j) + 10*m(j). Let h be f(6). Let q(l) = -l**3 - 2*l**2 + l + 2. Determine q(h).
0
Suppose 0 = 3*i - 75 + 6. Let d = 21 - i. Let q(g) = -6 + 4 + 2*g**2 + g - 3*g**2. What is q(d)?
-8
Sup